7 a composite number?
False
Is 1068316423 prime?
True
Is 263110386889 composite?
True
Is 824110201 prime?
True
Is 70729871 a composite number?
False
Is 2482245763 a prime number?
False
Is 2372765687 composite?
True
Is 35726893753 prime?
False
Is 730671101 a prime number?
False
Is 72972457 a prime number?
True
Is 4886502567 a composite number?
True
Is 5591769 composite?
True
Is 6162223407 prime?
False
Is 18041568679 a prime number?
True
Is 20130819677 composite?
False
Is 16476803023 prime?
True
Is 222832601 composite?
True
Is 9933256603 prime?
True
Is 156131902021 a composite number?
False
Is 1927039099 a composite number?
True
Is 16610190251 prime?
True
Is 3948649 a composite number?
True
Is 14189884697 a prime number?
False
Is 354439049 composite?
False
Is 5099707001 composite?
False
Is 4845039053 composite?
True
Is 430952551 prime?
False
Is 7976720033 a prime number?
True
Is 5629119799 composite?
True
Is 10282227377 composite?
True
Is 6199087593 composite?
True
Is 6667610743 prime?
False
Is 1852681979 composite?
False
Is 38178873409 composite?
False
Is 113486385895 prime?
False
Is 8005307899 prime?
False
Is 2999199547 a composite number?
True
Is 1320196403 composite?
False
Is 22389354077 prime?
False
Is 587206589 a prime number?
True
Is 4352643817 a composite number?
False
Is 8507274123 a composite number?
True
Is 4059417313 a composite number?
True
Is 46723800209 a composite number?
True
Is 3243729943 a composite number?
False
Is 117306477191 a prime number?
False
Is 8819556359 prime?
True
Is 331897703 composite?
True
Is 3249917233 a prime number?
True
Is 11143608277 composite?
False
Is 435223955 a prime number?
False
Is 28531420201 composite?
False
Is 17728745351 a prime number?
True
Is 50864563537 composite?
True
Is 65734237573 prime?
True
Is 104082942751 a prime number?
False
Is 856822943 a prime number?
True
Is 356525227 composite?
False
Is 3126673481 a composite number?
False
Is 31586160341 composite?
True
Is 16744208597 a composite number?
False
Is 85636915339 a prime number?
False
Is 1945957681 composite?
True
Is 9629340377 prime?
False
Is 4745910577 prime?
True
Is 2002196237 a prime number?
False
Is 46363685171 composite?
False
Is 36995254883 composite?
False
Is 9133484441 a prime number?
False
Is 24554018861 a composite number?
True
Is 5402959483 a composite number?
False
Is 32480409147 a composite number?
True
Is 3299230909 a prime number?
False
Is 164297016739 prime?
False
Is 64508971313 a prime number?
True
Is 15555925687 a composite number?
True
Is 3597006013 composite?
True
Is 532530421 prime?
False
Is 267973613 composite?
False
Is 81358213439 a prime number?
True
Is 41909745623 a composite number?
True
Is 33962656709 composite?
True
Is 85536479 composite?
True
Is 127705130321 prime?
True
Is 3822139 a composite number?
False
Is 7209589627 a prime number?
True
Is 1242030047 prime?
False
Is 11410323307 composite?
True
Is 995011289 a composite number?
True
Is 31427751457 prime?
True
Is 252134027 composite?
True
Is 24727436119 a prime number?
False
Is 30531624157 composite?
False
Is 1163876171 prime?
True
Is 10435135679 a prime number?
False
Is 3309903083 a composite number?
True
Is 35416628443 a prime number?
False
Is 11287441879 prime?
False
Is 5282916319 a composite number?
False
Is 6582257051 a prime number?
True
Is 16960520567 a composite number?
True
Is 4318898 a prime number?
False
Is 33930380021 a composite number?
False
Is 9162860737 a composite number?
False
Is 30701759091 composite?
True
Is 23247510581 prime?
True
Is 1893086729 a composite number?
False
Is 93956227091 a composite number?
True
Is 32298329431 a composite number?
False
Is 2235694849 composite?
True
Is 120596571817 a prime number?
True
Is 2646788117 prime?
True
Is 329646943 a prime number?
True
Is 4084642831 prime?
False
Is 16705488713 a prime number?
False
Is 18048689203 a composite number?
True
Is 14204864251 a prime number?
True
Is 1296980771 a composite number?
False
Is 139912020239 composite?
True
Is 10378902883 prime?
False
Is 10983072259 prime?
True
Is 71907311 prime?
False
Is 16269757151 composite?
True
Is 281022145 a composite number?
True
Is 2292227783 prime?
True
Is 1375178957 prime?
True
Is 64105976377 a composite number?
True
Is 114133571003 composite?
False
Is 8503229969 a composite number?
True
Is 71079477269 composite?
False
Is 330183389 composite?
True
Is 4372330661 composite?
False
Is 94242636659 a prime number?
True
Is 837391927 prime?
False
Is 47313860821 a prime number?
True
Is 22534547 prime?
False
Is 6793626485 a composite number?
True
Is 253221641437 prime?
True
Is 11712908771 prime?
True
Is 84676223 composite?
True
Is 178890664541 prime?
False
Is 39686382917 prime?
True
Is 2178386983 prime?
False
Is 435841939517 prime?
True
Is 18784226261 a prime number?
False
Is 879853357 prime?
False
Is 1154066429 composite?
False
Is 1075926307 prime?
False
Is 6593220497 a composite number?
True
Is 160652537 prime?
True
Is 18841744195 a prime number?
False
Is 2871979273 a composite number?
False
Is 4678894291 prime?
False
Is 60779333891 composite?
False
Is 132655550897 a prime number?
True
Is 68067831191 a prime number?
True
Is 3400370751 a prime number?
False
Is 211301465257 composite?
True
Is 4695037601 prime?
False
Is 6045952021 composite?
False
Is 189409823 a prime number?
True
Is 4317900247 prime?
True
Is 1793181613 composite?
False
Is 4136022227 composite?
False
Is 5906182873 prime?
True
Is 478120127 a composite number?
False
Is 3465908183 composite?
True
Is 887192623 a composite number?
True
Is 19250280857 prime?
False
Is 14554228511 composite?
True
Is 53209288381 a prime number?
False
Is 51187128703 a composite number?
True
Is 174542188703 a prime number?
True
Is 3070452849 a composite number?
True
Is 635695987 composite?
False
Is 177159379 composite?
False
Is 23034936649 composite?
True
Is 1361356831 composite?
True
Is 1721617483 prime?
True
Is 37953622451 prime?
True
Is 4411803169 a composite number?
False
Is 5719416977 prime?
True
Is 1807364717 composite?
False
Is 32231193541 composite?
False
Is 308152361 a composite number?
True
Is 5781700313 composite?
True
Is 809721193 composite?
False
Is 11452443421 prime?
True
Is 2350440551 composite?
False
Is 31895354795 prime?
False
Is 63079273 prime?
True
Is 192419587 a prime number?
False
Is 213312839 composite?
False
Is 12602963 composite?
True
Is 384342779 a prime number?
True
Is 2070723871 a prime number?
True
Is 1238900947 a prime number?
False
Is 2250508103 a composite number?
True
Is 5399884817 a prime number?
True
Is 988422145 prime?
False
Is 16419076789 a prime number?
True
Is 14331121061 prime?
True
Is 23049637847 composite?
True
Is 10254517583 a prime number?
False
Is 29977321063 a prime number?
True
Is 144526366871 a composite number?
False
Is 5481550741 a composite number?
False
Is 15247333823 prime?
True
Is 1434111173 prime?
False
Is 32001396865 composite?
True
Is 608048528377 a prime number?
True
Is 216462181987 composite?
True
Is 264255350383 a prime number?
False
Is 2306872777 prime?
False
Is 17060974219 a composite number?
True
Is 1578886 prime?
False
Is 137665049 a composite number?
True
Is 70134449003 a prime number?
True
Is 24793956947 a composite number?
False
Is 1642501703 composite?
True
Is 144285252149 a prime number?
False
Is 32586803 a prime number?
False
Is 9660931429 a prime number?
True
Is 525834689 a prime number?
False
Is 100747508539 composite?
False
Is 461168221 composite?
True
Is 69374096197 a composite number?
True
Is 2269581229 a composite number?
True
Is 39509362381 a prime number?
False
Is 161105639 prime?
False
Is 4985451349 prime?
True
Is 14956969607 a prime number?
True
Is 27259339 prime?
True
Is 43923566579 prime?
True
Is 17181429091 prime?
True
Is 2905352851 a composite number?
False
Is 37430244373 a prime number?
True
Is 56695456217 a prime number?
False
Is 2661132493 prime?
True
Is 48097477657 composite?
False
Is 39618926471 prime?
True
Is 2562455491 prime?
False
Is 20315472853 a prime number?
False
Is 2117058287 composite?
False
Is 27345515819 prime?
True
Is 7604573439 a composite number?
True
Is 63453743 a composite number?
False
Is 1750480535 a prime number?
False
Is 4332762457 a composite number?
False
Is 519388637 composite?
True
Is 3390617